{"id":146,"date":"2026-04-13T14:03:59","date_gmt":"2026-04-13T14:03:59","guid":{"rendered":"https:\/\/phuccao.azdigi.shop\/?page_id=146"},"modified":"2026-04-18T00:57:13","modified_gmt":"2026-04-18T00:57:13","slug":"outwears","status":"publish","type":"page","link":"https:\/\/phuccao.azdigi.shop\/index.php\/outwears\/","title":{"rendered":"OUTWEARS"},"content":{"rendered":"            <div class=\"row\"><div class=\"large-12 col\">\n          <div style=\"background-color:#FFF;\" class=\"slider flipContainer slider-nav-circle slide box-shadow-2\"\n            data-flickity-options='{\n              \"cellAlign\": \"center\",\n              \"wrapAround\": true,\n              \"percentPosition\": true,\n              \"imagesLoaded\": true,\n              \"pageDots\": true,\n              \"contain\": true\n          }'>\n                        <div class=\"slide\" style=\"background-color:#FFF;\">  <div class=\"row row-collapse align-middle flip-slide\" style=\"width:100%\">\n        <div class=\"large-6 col flip-page-one\">\n        <div class=\"featured-product col-inner\">\n          <a href=\"https:\/\/phuccao.azdigi.shop\/index.php\/product\/hoodie-jz-2\/\">\n                <div class=\"product-image relative\">\n                   <div class=\"front-image\">\n                    <img loading=\"lazy\" decoding=\"async\" width=\"600\" height=\"642\" src=\"https:\/\/phuccao.azdigi.shop\/wp-content\/uploads\/2026\/04\/z7724953198708_04449cf3053bc7a2be258849b3368b78-600x642.jpg\" class=\"attachment-woocommerce_single size-woocommerce_single wp-post-image\" alt=\"\" srcset=\"https:\/\/phuccao.azdigi.shop\/wp-content\/uploads\/2026\/04\/z7724953198708_04449cf3053bc7a2be258849b3368b78-600x642.jpg 600w, https:\/\/phuccao.azdigi.shop\/wp-content\/uploads\/2026\/04\/z7724953198708_04449cf3053bc7a2be258849b3368b78-281x300.jpg 281w, https:\/\/phuccao.azdigi.shop\/wp-content\/uploads\/2026\/04\/z7724953198708_04449cf3053bc7a2be258849b3368b78-958x1024.jpg 958w, https:\/\/phuccao.azdigi.shop\/wp-content\/uploads\/2026\/04\/z7724953198708_04449cf3053bc7a2be258849b3368b78-768x821.jpg 768w, https:\/\/phuccao.azdigi.shop\/wp-content\/uploads\/2026\/04\/z7724953198708_04449cf3053bc7a2be258849b3368b78.jpg 1170w\" sizes=\"auto, (max-width: 600px) 100vw, 600px\" \/>                  <\/div>\n                  \n<div class=\"badge-container absolute left top z-1\">\n\n<\/div>\n                <\/div>\n          <\/a>\n        <\/div>\n        <\/div>\n       <div class=\"large-6 col flip-page-two\">\n        <div class=\"product-info col-inner inner-padding\">\n              <h1 class=\"entry-title\"><a href=\"https:\/\/phuccao.azdigi.shop\/index.php\/product\/hoodie-jz-2\/\">HOODIE JZ \u0110EN<\/a><\/h1>\n              <div class=\"is-divider medium\"><\/div>\n              <div class=\"price-wrapper\">\n\t<p class=\"price product-page-price \">\n  <span class=\"woocommerce-Price-amount amount\"><bdi>699.000&nbsp;<span class=\"woocommerce-Price-currencySymbol\">&#8363;<\/span><\/bdi><\/span><\/p>\n<\/div>\n<div class=\"product_meta\">\n\n\t\n\t\n\t\t<span class=\"sku_wrapper\">SKU: <span class=\"sku\">N\/A<\/span><\/span>\n\n\t\n\t<span class=\"posted_in\">Category: <a href=\"https:\/\/phuccao.azdigi.shop\/index.php\/product-category\/hoodie\/\" rel=\"tag\">Hoodie<\/a><\/span>\n\t\n\t\n<\/div>\n              <a href=\"https:\/\/phuccao.azdigi.shop\/index.php\/product\/hoodie-jz-2\/\" class=\"button\">Read more<\/a>\n         <\/div>\n        <\/div>\n<\/div>\n<\/div>\n                        <div class=\"slide\" style=\"background-color:#FFF;\">  <div class=\"row row-collapse align-middle flip-slide\" style=\"width:100%\">\n        <div class=\"large-6 col flip-page-one\">\n        <div class=\"featured-product col-inner\">\n          <a href=\"https:\/\/phuccao.azdigi.shop\/index.php\/product\/t-shirt-jz\/\">\n                <div class=\"product-image relative\">\n                   <div class=\"front-image\">\n                    <img loading=\"lazy\" decoding=\"async\" width=\"600\" height=\"750\" src=\"https:\/\/phuccao.azdigi.shop\/wp-content\/uploads\/2026\/04\/z7614507982429_58f5f04d6ddaf5e006eaa0db34250275-600x750.jpg\" class=\"attachment-woocommerce_single size-woocommerce_single wp-post-image\" alt=\"\" srcset=\"https:\/\/phuccao.azdigi.shop\/wp-content\/uploads\/2026\/04\/z7614507982429_58f5f04d6ddaf5e006eaa0db34250275-600x750.jpg 600w, https:\/\/phuccao.azdigi.shop\/wp-content\/uploads\/2026\/04\/z7614507982429_58f5f04d6ddaf5e006eaa0db34250275-240x300.jpg 240w, https:\/\/phuccao.azdigi.shop\/wp-content\/uploads\/2026\/04\/z7614507982429_58f5f04d6ddaf5e006eaa0db34250275-819x1024.jpg 819w, https:\/\/phuccao.azdigi.shop\/wp-content\/uploads\/2026\/04\/z7614507982429_58f5f04d6ddaf5e006eaa0db34250275-768x960.jpg 768w, https:\/\/phuccao.azdigi.shop\/wp-content\/uploads\/2026\/04\/z7614507982429_58f5f04d6ddaf5e006eaa0db34250275-1229x1536.jpg 1229w, https:\/\/phuccao.azdigi.shop\/wp-content\/uploads\/2026\/04\/z7614507982429_58f5f04d6ddaf5e006eaa0db34250275.jpg 1440w\" sizes=\"auto, (max-width: 600px) 100vw, 600px\" \/>                  <\/div>\n                  \n<div class=\"badge-container absolute left top z-1\">\n\n<\/div>\n                <\/div>\n          <\/a>\n        <\/div>\n        <\/div>\n       <div class=\"large-6 col flip-page-two\">\n        <div class=\"product-info col-inner inner-padding\">\n              <h1 class=\"entry-title\"><a href=\"https:\/\/phuccao.azdigi.shop\/index.php\/product\/t-shirt-jz\/\">HOODIE JZ D\u01af\u01a0NG<\/a><\/h1>\n              <div class=\"is-divider medium\"><\/div>\n              <div class=\"price-wrapper\">\n\t<p class=\"price product-page-price \">\n  <span class=\"woocommerce-Price-amount amount\" aria-hidden=\"true\"><bdi>599.000&nbsp;<span class=\"woocommerce-Price-currencySymbol\">&#8363;<\/span><\/bdi><\/span> <span aria-hidden=\"true\">&ndash;<\/span> <span class=\"woocommerce-Price-amount amount\" aria-hidden=\"true\"><bdi>699.000&nbsp;<span class=\"woocommerce-Price-currencySymbol\">&#8363;<\/span><\/bdi><\/span><span class=\"screen-reader-text\">Price range: 599.000&nbsp;&#8363; through 699.000&nbsp;&#8363;<\/span><\/p>\n<\/div>\n<div class=\"product-short-description\">\n\t<p>\u00c1o T-shirt Jayzone \u0111ang tr\u1edf th\u00e0nh m\u1ed9t trong nh\u1eefng l\u1ef1a ch\u1ecdn th\u1eddi trang \u0111\u01b0\u1ee3c gi\u1edbi tr\u1ebb y\u00eau th\u00edch nh\u1edd s\u1ef1 k\u1ebft h\u1ee3p ho\u00e0n h\u1ea3o gi\u1eefa phong c\u00e1ch hi\u1ec7n \u0111\u1ea1i v\u00e0 t\u00ednh \u1ee9ng d\u1ee5ng cao. V\u1edbi thi\u1ebft k\u1ebf t\u1ed1i gi\u1ea3n nh\u01b0ng kh\u00f4n<\/p>\n<\/div>\n<div class=\"product_meta\">\n\n\t\n\t\n\t\t<span class=\"sku_wrapper\">SKU: <span class=\"sku\">N\/A<\/span><\/span>\n\n\t\n\t<span class=\"posted_in\">Category: <a href=\"https:\/\/phuccao.azdigi.shop\/index.php\/product-category\/hoodie\/\" rel=\"tag\">Hoodie<\/a><\/span>\n\t\n\t\n<\/div>\n              <a href=\"https:\/\/phuccao.azdigi.shop\/index.php\/product\/t-shirt-jz\/\" class=\"button\">Read more<\/a>\n         <\/div>\n        <\/div>\n<\/div>\n<\/div>\n                        <div class=\"slide\" style=\"background-color:#FFF;\">  <div class=\"row row-collapse align-middle flip-slide\" style=\"width:100%\">\n        <div class=\"large-6 col flip-page-one\">\n        <div class=\"featured-product col-inner\">\n          <a href=\"https:\/\/phuccao.azdigi.shop\/index.php\/product\/long-sleeve-2\/\">\n                <div class=\"product-image relative\">\n                   <div class=\"front-image\">\n                    <img loading=\"lazy\" decoding=\"async\" width=\"600\" height=\"750\" src=\"https:\/\/phuccao.azdigi.shop\/wp-content\/uploads\/2026\/04\/z7614507986362_e3886a1224310751c656c2ef429a01b0-600x750.jpg\" class=\"attachment-woocommerce_single size-woocommerce_single wp-post-image\" alt=\"\" srcset=\"https:\/\/phuccao.azdigi.shop\/wp-content\/uploads\/2026\/04\/z7614507986362_e3886a1224310751c656c2ef429a01b0-600x750.jpg 600w, https:\/\/phuccao.azdigi.shop\/wp-content\/uploads\/2026\/04\/z7614507986362_e3886a1224310751c656c2ef429a01b0-240x300.jpg 240w, https:\/\/phuccao.azdigi.shop\/wp-content\/uploads\/2026\/04\/z7614507986362_e3886a1224310751c656c2ef429a01b0-819x1024.jpg 819w, https:\/\/phuccao.azdigi.shop\/wp-content\/uploads\/2026\/04\/z7614507986362_e3886a1224310751c656c2ef429a01b0-768x960.jpg 768w, https:\/\/phuccao.azdigi.shop\/wp-content\/uploads\/2026\/04\/z7614507986362_e3886a1224310751c656c2ef429a01b0-1229x1536.jpg 1229w, https:\/\/phuccao.azdigi.shop\/wp-content\/uploads\/2026\/04\/z7614507986362_e3886a1224310751c656c2ef429a01b0.jpg 1440w\" sizes=\"auto, (max-width: 600px) 100vw, 600px\" \/>                  <\/div>\n                  \n<div class=\"badge-container absolute left top z-1\">\n\n<\/div>\n                <\/div>\n          <\/a>\n        <\/div>\n        <\/div>\n       <div class=\"large-6 col flip-page-two\">\n        <div class=\"product-info col-inner inner-padding\">\n              <h1 class=\"entry-title\"><a href=\"https:\/\/phuccao.azdigi.shop\/index.php\/product\/long-sleeve-2\/\">HOODIE JZ XANH<\/a><\/h1>\n              <div class=\"is-divider medium\"><\/div>\n              <div class=\"price-wrapper\">\n\t<p class=\"price product-page-price \">\n  <span class=\"woocommerce-Price-amount amount\"><bdi>699.000&nbsp;<span class=\"woocommerce-Price-currencySymbol\">&#8363;<\/span><\/bdi><\/span><\/p>\n<\/div>\n<div class=\"product_meta\">\n\n\t\n\t\n\t\t<span class=\"sku_wrapper\">SKU: <span class=\"sku\">N\/A<\/span><\/span>\n\n\t\n\t<span class=\"posted_in\">Category: <a href=\"https:\/\/phuccao.azdigi.shop\/index.php\/product-category\/hoodie\/\" rel=\"tag\">Hoodie<\/a><\/span>\n\t\n\t\n<\/div>\n              <a href=\"https:\/\/phuccao.azdigi.shop\/index.php\/product\/long-sleeve-2\/\" class=\"button\">Read more<\/a>\n         <\/div>\n        <\/div>\n<\/div>\n<\/div>\n                        <div class=\"slide\" style=\"background-color:#FFF;\">  <div class=\"row row-collapse align-middle flip-slide\" style=\"width:100%\">\n        <div class=\"large-6 col flip-page-one\">\n        <div class=\"featured-product col-inner\">\n          <a href=\"https:\/\/phuccao.azdigi.shop\/index.php\/product\/hoodie-jz\/\">\n                <div class=\"product-image relative\">\n                   <div class=\"front-image\">\n                    <img loading=\"lazy\" decoding=\"async\" width=\"600\" height=\"696\" src=\"https:\/\/phuccao.azdigi.shop\/wp-content\/uploads\/2026\/03\/z7614507933006_a77012a9585de0fe3d6e009f650b903b-e1773457517998-600x696.jpg\" class=\"attachment-woocommerce_single size-woocommerce_single wp-post-image\" alt=\"bu\" srcset=\"https:\/\/phuccao.azdigi.shop\/wp-content\/uploads\/2026\/03\/z7614507933006_a77012a9585de0fe3d6e009f650b903b-e1773457517998-600x696.jpg 600w, https:\/\/phuccao.azdigi.shop\/wp-content\/uploads\/2026\/03\/z7614507933006_a77012a9585de0fe3d6e009f650b903b-e1773457517998-259x300.jpg 259w, https:\/\/phuccao.azdigi.shop\/wp-content\/uploads\/2026\/03\/z7614507933006_a77012a9585de0fe3d6e009f650b903b-e1773457517998-883x1024.jpg 883w, https:\/\/phuccao.azdigi.shop\/wp-content\/uploads\/2026\/03\/z7614507933006_a77012a9585de0fe3d6e009f650b903b-e1773457517998-768x891.jpg 768w, https:\/\/phuccao.azdigi.shop\/wp-content\/uploads\/2026\/03\/z7614507933006_a77012a9585de0fe3d6e009f650b903b-e1773457517998-1324x1536.jpg 1324w, https:\/\/phuccao.azdigi.shop\/wp-content\/uploads\/2026\/03\/z7614507933006_a77012a9585de0fe3d6e009f650b903b-e1773457517998.jpg 1490w\" sizes=\"auto, (max-width: 600px) 100vw, 600px\" \/>                  <\/div>\n                  \n<div class=\"badge-container absolute left top z-1\">\n\n<\/div>\n                <\/div>\n          <\/a>\n        <\/div>\n        <\/div>\n       <div class=\"large-6 col flip-page-two\">\n        <div class=\"product-info col-inner inner-padding\">\n              <h1 class=\"entry-title\"><a href=\"https:\/\/phuccao.azdigi.shop\/index.php\/product\/hoodie-jz\/\">Hoodie JZ KEM<\/a><\/h1>\n              <div class=\"is-divider medium\"><\/div>\n              <div class=\"price-wrapper\">\n\t<p class=\"price product-page-price \">\n  <span class=\"woocommerce-Price-amount amount\"><bdi>666.666&nbsp;<span class=\"woocommerce-Price-currencySymbol\">&#8363;<\/span><\/bdi><\/span><\/p>\n<\/div>\n<div class=\"product_meta\">\n\n\t\n\t\n\t\t<span class=\"sku_wrapper\">SKU: <span class=\"sku\">N\/A<\/span><\/span>\n\n\t\n\t<span class=\"posted_in\">Category: <a href=\"https:\/\/phuccao.azdigi.shop\/index.php\/product-category\/hoodie\/\" rel=\"tag\">Hoodie<\/a><\/span>\n\t\n\t\n<\/div>\n              <a href=\"https:\/\/phuccao.azdigi.shop\/index.php\/product\/hoodie-jz\/\" class=\"button\">Read more<\/a>\n         <\/div>\n        <\/div>\n<\/div>\n<\/div>\n                        <div class=\"slide\" style=\"background-color:#FFF;\">  <div class=\"row row-collapse align-middle flip-slide\" style=\"width:100%\">\n        <div class=\"large-6 col flip-page-one\">\n        <div class=\"featured-product col-inner\">\n          <a href=\"https:\/\/phuccao.azdigi.shop\/index.php\/product\/enlisted-hoodie-zip\/\">\n                <div class=\"product-image relative\">\n                   <div class=\"front-image\">\n                    <img loading=\"lazy\" decoding=\"async\" width=\"600\" height=\"682\" src=\"https:\/\/phuccao.azdigi.shop\/wp-content\/uploads\/2026\/04\/Anh-chup-man-hinh-2026-04-16-095738-600x682.png\" class=\"attachment-woocommerce_single size-woocommerce_single wp-post-image\" alt=\"\" srcset=\"https:\/\/phuccao.azdigi.shop\/wp-content\/uploads\/2026\/04\/Anh-chup-man-hinh-2026-04-16-095738-600x682.png 600w, https:\/\/phuccao.azdigi.shop\/wp-content\/uploads\/2026\/04\/Anh-chup-man-hinh-2026-04-16-095738-264x300.png 264w, https:\/\/phuccao.azdigi.shop\/wp-content\/uploads\/2026\/04\/Anh-chup-man-hinh-2026-04-16-095738.png 627w\" sizes=\"auto, (max-width: 600px) 100vw, 600px\" \/>                  <\/div>\n                  \n<div class=\"badge-container absolute left top z-1\">\n\n<\/div>\n                <\/div>\n          <\/a>\n        <\/div>\n        <\/div>\n       <div class=\"large-6 col flip-page-two\">\n        <div class=\"product-info col-inner inner-padding\">\n              <h1 class=\"entry-title\"><a href=\"https:\/\/phuccao.azdigi.shop\/index.php\/product\/enlisted-hoodie-zip\/\">ENLISTED HOODIE ZIP<\/a><\/h1>\n              <div class=\"is-divider medium\"><\/div>\n              <div class=\"price-wrapper\">\n\t<p class=\"price product-page-price \">\n  <span class=\"woocommerce-Price-amount amount\"><bdi>799.000&nbsp;<span class=\"woocommerce-Price-currencySymbol\">&#8363;<\/span><\/bdi><\/span><\/p>\n<\/div>\n<div class=\"product-short-description\">\n\t<div><\/div>\n<div>Ngo\u00e0i ra, \u00e1o T-shirt Jayzone c\u00f2n \u0111\u01b0\u1ee3c \u0111\u00e1nh gi\u00e1 cao v\u1ec1 m\u1ee9c gi\u00e1 h\u1ee3p l\u00fd so v\u1edbi ch\u1ea5t l\u01b0\u1ee3ng mang l\u1ea1i. \u0110i\u1ec1u n\u00e0y khi\u1ebfn s\u1ea3n ph\u1ea9m tr\u1edf th\u00e0nh l\u1ef1a ch\u1ecdn l\u00fd t\u01b0\u1edfng cho h\u1ecdc sinh, sinh vi\u00ean v\u00e0 ng\u01b0\u1eddi tr\u1ebb \u0111ang t\u00ecm ki\u1ebfm m\u1ed9t item th\u1eddi trang \u0111\u1eb9p, b\u1ec1n v\u00e0 d\u1ec5 ph\u1ed1i.<\/div>\n<\/div>\n<div class=\"product_meta\">\n\n\t\n\t\n\t\t<span class=\"sku_wrapper\">SKU: <span class=\"sku\">N\/A<\/span><\/span>\n\n\t\n\t<span class=\"posted_in\">Category: <a href=\"https:\/\/phuccao.azdigi.shop\/index.php\/product-category\/hoodie\/\" rel=\"tag\">Hoodie<\/a><\/span>\n\t\n\t\n<\/div>\n              <a href=\"https:\/\/phuccao.azdigi.shop\/index.php\/product\/enlisted-hoodie-zip\/\" class=\"button\">Read more<\/a>\n         <\/div>\n        <\/div>\n<\/div>\n<\/div>\n                        <div class=\"slide\" style=\"background-color:#FFF;\">  <div class=\"row row-collapse align-middle flip-slide\" style=\"width:100%\">\n        <div class=\"large-6 col flip-page-one\">\n        <div class=\"featured-product col-inner\">\n          <a href=\"https:\/\/phuccao.azdigi.shop\/index.php\/product\/call-hoodie-zip\/\">\n                <div class=\"product-image relative\">\n                   <div class=\"front-image\">\n                    <img loading=\"lazy\" decoding=\"async\" width=\"576\" height=\"566\" src=\"https:\/\/phuccao.azdigi.shop\/wp-content\/uploads\/2026\/04\/Anh-chup-man-hinh-2026-04-16-095708.png\" class=\"attachment-woocommerce_single size-woocommerce_single wp-post-image\" alt=\"\" srcset=\"https:\/\/phuccao.azdigi.shop\/wp-content\/uploads\/2026\/04\/Anh-chup-man-hinh-2026-04-16-095708.png 576w, https:\/\/phuccao.azdigi.shop\/wp-content\/uploads\/2026\/04\/Anh-chup-man-hinh-2026-04-16-095708-300x295.png 300w\" sizes=\"auto, (max-width: 576px) 100vw, 576px\" \/>                  <\/div>\n                  \n<div class=\"badge-container absolute left top z-1\">\n\n<\/div>\n                <\/div>\n          <\/a>\n        <\/div>\n        <\/div>\n       <div class=\"large-6 col flip-page-two\">\n        <div class=\"product-info col-inner inner-padding\">\n              <h1 class=\"entry-title\"><a href=\"https:\/\/phuccao.azdigi.shop\/index.php\/product\/call-hoodie-zip\/\">CALL HOODIE ZIP<\/a><\/h1>\n              <div class=\"is-divider medium\"><\/div>\n              <div class=\"price-wrapper\">\n\t<p class=\"price product-page-price \">\n  <span class=\"woocommerce-Price-amount amount\"><bdi>799.000&nbsp;<span class=\"woocommerce-Price-currencySymbol\">&#8363;<\/span><\/bdi><\/span><\/p>\n<\/div>\n<div class=\"product_meta\">\n\n\t\n\t\n\t\t<span class=\"sku_wrapper\">SKU: <span class=\"sku\">N\/A<\/span><\/span>\n\n\t\n\t<span class=\"posted_in\">Category: <a href=\"https:\/\/phuccao.azdigi.shop\/index.php\/product-category\/hoodie\/\" rel=\"tag\">Hoodie<\/a><\/span>\n\t\n\t\n<\/div>\n              <a href=\"https:\/\/phuccao.azdigi.shop\/index.php\/product\/call-hoodie-zip\/\" class=\"button\">Read more<\/a>\n         <\/div>\n        <\/div>\n<\/div>\n<\/div>\n                    <\/div>\n          <\/div><\/div>\n          \n","protected":false},"excerpt":{"rendered":"","protected":false},"author":1,"featured_media":0,"parent":0,"menu_order":0,"comment_status":"closed","ping_status":"closed","template":"","meta":{"footnotes":""},"class_list":["post-146","page","type-page","status-publish","hentry"],"yoast_head":"<!-- This site is optimized with the Yoast SEO plugin v27.1.1 - https:\/\/yoast.com\/product\/yoast-seo-wordpress\/ -->\n<title>OUTWEARS - phuccao<\/title>\n<meta name=\"robots\" content=\"index, follow, max-snippet:-1, max-image-preview:large, max-video-preview:-1\" \/>\n<link rel=\"canonical\" href=\"https:\/\/phuccao.azdigi.shop\/index.php\/outwears\/\" \/>\n<meta property=\"og:locale\" content=\"en_US\" \/>\n<meta property=\"og:type\" content=\"article\" \/>\n<meta property=\"og:title\" content=\"OUTWEARS - phuccao\" \/>\n<meta property=\"og:url\" content=\"https:\/\/phuccao.azdigi.shop\/index.php\/outwears\/\" \/>\n<meta property=\"og:site_name\" content=\"phuccao\" \/>\n<meta property=\"article:modified_time\" content=\"2026-04-18T00:57:13+00:00\" \/>\n<meta name=\"twitter:card\" content=\"summary_large_image\" \/>\n<script type=\"application\/ld+json\" class=\"yoast-schema-graph\">{\"@context\":\"https:\/\/schema.org\",\"@graph\":[{\"@type\":\"WebPage\",\"@id\":\"https:\/\/phuccao.azdigi.shop\/index.php\/outwears\/\",\"url\":\"https:\/\/phuccao.azdigi.shop\/index.php\/outwears\/\",\"name\":\"OUTWEARS - phuccao\",\"isPartOf\":{\"@id\":\"https:\/\/phuccao.azdigi.shop\/#website\"},\"datePublished\":\"2026-04-13T14:03:59+00:00\",\"dateModified\":\"2026-04-18T00:57:13+00:00\",\"breadcrumb\":{\"@id\":\"https:\/\/phuccao.azdigi.shop\/index.php\/outwears\/#breadcrumb\"},\"inLanguage\":\"en-US\",\"potentialAction\":[{\"@type\":\"ReadAction\",\"target\":[\"https:\/\/phuccao.azdigi.shop\/index.php\/outwears\/\"]}]},{\"@type\":\"BreadcrumbList\",\"@id\":\"https:\/\/phuccao.azdigi.shop\/index.php\/outwears\/#breadcrumb\",\"itemListElement\":[{\"@type\":\"ListItem\",\"position\":1,\"name\":\"Home\",\"item\":\"https:\/\/phuccao.azdigi.shop\/\"},{\"@type\":\"ListItem\",\"position\":2,\"name\":\"OUTWEARS\"}]},{\"@type\":\"WebSite\",\"@id\":\"https:\/\/phuccao.azdigi.shop\/#website\",\"url\":\"https:\/\/phuccao.azdigi.shop\/\",\"name\":\"phuccao\",\"description\":\"\",\"potentialAction\":[{\"@type\":\"SearchAction\",\"target\":{\"@type\":\"EntryPoint\",\"urlTemplate\":\"https:\/\/phuccao.azdigi.shop\/?s={search_term_string}\"},\"query-input\":{\"@type\":\"PropertyValueSpecification\",\"valueRequired\":true,\"valueName\":\"search_term_string\"}}],\"inLanguage\":\"en-US\"}]}<\/script>\n<!-- \/ Yoast SEO plugin. -->","yoast_head_json":{"title":"OUTWEARS - phuccao","robots":{"index":"index","follow":"follow","max-snippet":"max-snippet:-1","max-image-preview":"max-image-preview:large","max-video-preview":"max-video-preview:-1"},"canonical":"https:\/\/phuccao.azdigi.shop\/index.php\/outwears\/","og_locale":"en_US","og_type":"article","og_title":"OUTWEARS - phuccao","og_url":"https:\/\/phuccao.azdigi.shop\/index.php\/outwears\/","og_site_name":"phuccao","article_modified_time":"2026-04-18T00:57:13+00:00","twitter_card":"summary_large_image","schema":{"@context":"https:\/\/schema.org","@graph":[{"@type":"WebPage","@id":"https:\/\/phuccao.azdigi.shop\/index.php\/outwears\/","url":"https:\/\/phuccao.azdigi.shop\/index.php\/outwears\/","name":"OUTWEARS - phuccao","isPartOf":{"@id":"https:\/\/phuccao.azdigi.shop\/#website"},"datePublished":"2026-04-13T14:03:59+00:00","dateModified":"2026-04-18T00:57:13+00:00","breadcrumb":{"@id":"https:\/\/phuccao.azdigi.shop\/index.php\/outwears\/#breadcrumb"},"inLanguage":"en-US","potentialAction":[{"@type":"ReadAction","target":["https:\/\/phuccao.azdigi.shop\/index.php\/outwears\/"]}]},{"@type":"BreadcrumbList","@id":"https:\/\/phuccao.azdigi.shop\/index.php\/outwears\/#breadcrumb","itemListElement":[{"@type":"ListItem","position":1,"name":"Home","item":"https:\/\/phuccao.azdigi.shop\/"},{"@type":"ListItem","position":2,"name":"OUTWEARS"}]},{"@type":"WebSite","@id":"https:\/\/phuccao.azdigi.shop\/#website","url":"https:\/\/phuccao.azdigi.shop\/","name":"phuccao","description":"","potentialAction":[{"@type":"SearchAction","target":{"@type":"EntryPoint","urlTemplate":"https:\/\/phuccao.azdigi.shop\/?s={search_term_string}"},"query-input":{"@type":"PropertyValueSpecification","valueRequired":true,"valueName":"search_term_string"}}],"inLanguage":"en-US"}]}},"_links":{"self":[{"href":"https:\/\/phuccao.azdigi.shop\/index.php\/wp-json\/wp\/v2\/pages\/146","targetHints":{"allow":["GET"]}}],"collection":[{"href":"https:\/\/phuccao.azdigi.shop\/index.php\/wp-json\/wp\/v2\/pages"}],"about":[{"href":"https:\/\/phuccao.azdigi.shop\/index.php\/wp-json\/wp\/v2\/types\/page"}],"author":[{"embeddable":true,"href":"https:\/\/phuccao.azdigi.shop\/index.php\/wp-json\/wp\/v2\/users\/1"}],"replies":[{"embeddable":true,"href":"https:\/\/phuccao.azdigi.shop\/index.php\/wp-json\/wp\/v2\/comments?post=146"}],"version-history":[{"count":3,"href":"https:\/\/phuccao.azdigi.shop\/index.php\/wp-json\/wp\/v2\/pages\/146\/revisions"}],"predecessor-version":[{"id":371,"href":"https:\/\/phuccao.azdigi.shop\/index.php\/wp-json\/wp\/v2\/pages\/146\/revisions\/371"}],"wp:attachment":[{"href":"https:\/\/phuccao.azdigi.shop\/index.php\/wp-json\/wp\/v2\/media?parent=146"}],"curies":[{"name":"wp","href":"https:\/\/api.w.org\/{rel}","templated":true}]}}